nits digit of 1587?
7
What is the hundreds digit of 35820?
8
What is the ten thousands digit of 12625?
1
What is the thousands digit of 1526?
1
What is the thousands digit of 3700?
3
What is the hundreds digit of 28758?
7
What is the ten thousands digit of 15271?
1
What is the ten thousands digit of 38046?
3
What is the hundreds digit of 5152?
1
What is the hundreds digit of 90033?
0
What is the hundreds digit of 2161?
1
What is the tens digit of 479?
7
What is the units digit of 1396?
6
What is the hundreds digit of 772?
7
What is the hundreds digit of 772?
7
What is the hundreds digit of 1238?
2
What is the ten thousands digit of 99180?
9
What is the units digit of 4271?
1
What is the units digit of 4500?
0
What is the hundreds digit of 1812?
8
What is the tens digit of 23400?
0
What is the thousands digit of 32519?
2
What is the units digit of 237?
7
What is the tens digit of 1311?
1
What is the units digit of 655?
5
What is the ten thousands digit of 101379?
0
What is the tens digit of 33794?
9
What is the tens digit of 1369?
6
What is the hundreds digit of 1435?
4
What is the thousands digit of 7390?
7
What is the thousands digit of 28900?
8
What is the ten thousands digit of 12351?
1
What is the units digit of 2365?
5
What is the ten thousands digit of 37663?
3
What is the thousands digit of 16994?
6
What is the thousands digit of 16846?
6
What is the units digit of 1022?
2
What is the tens digit of 47956?
5
What is the tens digit of 3027?
2
What is the tens digit of 81137?
3
What is the thousands digit of 6046?
6
What is the units digit of 171?
1
What is the thousands digit of 1145?
1
What is the hundreds digit of 36965?
9
What is the units digit of 2654?
4
What is the thousands digit of 1278?
1
What is the tens digit of 85?
8
What is the ten thousands digit of 74830?
7
What is the tens digit of 4013?
1
What is the tens digit of 503?
0
What is the ten thousands digit of 196838?
9
What is the tens digit of 410?
1
What is the thousands digit of 4032?
4
What is the tens digit of 895?
9
What is the units digit of 419?
9
What is the hundreds digit of 1049?
0
What is the units digit of 2870?
0
What is the tens digit of 1220?
2
What is the tens digit of 769?
6
What is the ten thousands digit of 61940?
6
What is the hundreds digit of 11658?
6
What is the thousands digit of 1160?
1
What is the tens digit of 7743?
4
What is the hundreds digit of 56088?
0
What is the thousands digit of 1737?
1
What is the tens digit of 1238?
3
What is the tens digit of 902?
0
What is the thousands digit of 1431?
1
What is the tens digit of 7835?
3
What is the hundreds digit of 56877?
8
What is the thousands digit of 3852?
3
What is the tens digit of 8819?
1
What is the units digit of 2058?
8
What is the hundreds digit of 20956?
9
What is the units digit of 18993?
3
What is the hundreds digit of 705?
7
What is the ten thousands digit of 41912?
4
What is the hundreds digit of 2225?
2
What is the tens digit of 397?
9
What is the thousands digit of 89798?
9
What is the thousands digit of 38341?
8
What is the thousands digit of 3065?
3
What is the hundreds digit of 27273?
2
What is the ten thousands digit of 17284?
1
What is the thousands digit of 2192?
2
What is the tens digit of 582?
8
What is the units digit of 36?
6
What is the hundreds digit of 969?
9
What is the tens digit of 859?
5
What is the units digit of 362?
2
What is the ten thousands digit of 102507?
0
What is the units digit of 1226?
6
What is the tens digit of 16657?
5
What is the tens digit of 1013?
1
What is the tens digit of 551?
5
What is the tens digit of 6477?
7
What is the tens digit of 1136?
3
What is the units digit of 894?
4
What is the thousands digit of 2978?
2
What is the tens digit of 25824?
2
What is the units digit of 516?
6
What is the tens digit of 1465?
6
What is the ten thousands digit of 16635?
1
What is the tens digit of 39447?
4
What is the tens digit of 7552?
5
What is the units digit of 2553?
3
What is the tens digit of 29904?
0
What is the units digit of 1950?
0
What is the tens digit of 14901?
0
What is the units digit of 140?
0
What is the units digit of 923?
3
What is the hundreds digit of 3876?
8
What is the units digit of 356?
6
What is the thousands digit of 17635?
7
What is the thousands digit of 2321?
2
What is the units digit of 1291?
1
What is the units digit of 6928?
8
What is the hundreds digit of 5678?
6
What is the tens digit of 1887?
8
What is the ten thousands digit of 60739?
6
What is the tens digit of 1801?
0
What is the units digit of 17857?
7
What is the units digit of 19082?
2
What is the hundreds digit of 948?
9
What is the hundreds digit of 821?
8
What is the thousands digit of 1052?
1
What is the tens digit of 18838?
3
What is the thousands digit of 15625?
5
What is the tens digit of 1017?
1
What is the hundreds digit of 14023?
0
What is the units digit of 123?
3
What is the units digit of 2343?
3
What is the tens digit of 1729?
2
What is the units digit of 1629?
9
What is the hundreds digit of 609?
6
What is the hundreds digit of 5883?
8
What is the tens digit of 1682?
8
What is the hundreds digit of 32686?
6
What is the ten thousands digit of 13932?
1
What is the units digit of 29097?
7
What is the thousands digit of 26349?
6
What is the ten thousands digit of 156772?
5
What is the tens digit of 434?
3
What is the hundreds digit of 3886?
8
What is the tens digit of 11068?
6
What is the tens digit of 1824?
2
What is the units digit of 1536?
6
What is the hundreds digit of 373?
3
What is the ten thousands digit of 19575?
1
What is the tens digit of 5290?
9
What is the hundreds digit of 889?
8
What is the thousands digit of 4421?
4
What is the thousands digit of 56083?
6
What is the tens digit of 24326?
2
What is the hundreds digit of 5955?
9
What is the tens digit of 8917?
1
What is the tens digit of 56501?
0
What is the units digit of 818?
8
What is the tens digit of 2523?
2
What is the thousands digit of 2163?
2
What is the hundreds digit of 11913?
9
What is the thousands digit of 3224?
3
What is the hundreds digit of 1231?
2
What is the thousands digit of 102152?
2
What is the tens digit of 1183?
8
What is the tens digit of 18976?
7
What is the tens digit of 41304?
0
What is the tens digit of 2870?
7
What is the ten thousands digit of 55135?
5
What is the tens digit of 1468?
6
What is the units digit of 879?
9
What is the ten thousands digit of 12406?
1
What is the tens digit of 92190?
9
What is the tens digit of 176?
7
What is the units digit of 395?
5
What is the hundreds digit of 1344?
3
What is the hundreds digit of 6143?
1
What is the tens digit of 8689?
8
What is the ten thousands digit of 49944?
4
What is the thousands digit of 4415?
4
What is the thousands digit of 2317?
2
What is the thousands digit of 1013?
1
What is the thousands digit of 6820?
6
What is the ten thousands digit of 42565?
4
What is the tens digit of 23766?
6
What is the units digit of 687?
7
What is the tens digit of 9128?
2
What is the units digit of 986?
6
What is the units digit of 3935?
5
What is the tens digit of 6305?
0
What is the tens digit of 1212?
1
What is the thousands digit of 2528?
2
What is the units digit of 871?
1
What is the hundreds digit of 1654?
6
What is the hundreds digit of 2576?
5
What is the hundreds digit of 14018?
0
What is the thousands digit of 5738?
5
What is the hundreds digit of 51607?
6
What is the units digit of 128?
8
What is the tens digit of 105?
0
What is the thousands digit of 38442?
8
What is the hundreds digit of 527?
5
What is the tens digit of 3426?
2
What is the hundreds digit of 86405?
4
What is the tens digit of 1296?
9
What is the thousands digit of 21190?
1
What is the tens digit of 3789?
8
What is the units digit of 76905?
5
What is the thousands digit of 9113?
9
What is the hundreds digit of 2930?
9
What is the tens digit of 934?
3
What is the units digit of 174?
4
What is the tens digit of 41?
4
What is the hundreds digit of 2185?
1
What is the hundreds digit of 2031?
0
What is the hundreds digit of 5112?
1
What is the ten thousands digit of 47114?
4
What is the hundreds digit of 6352?
3
What is the tens digit of 1464?
6
What is the hundreds digit of 229?
2
What is the tens digit of 2266?
6
What is the units digit of 7